{"id":8737,"date":"2017-03-08T10:30:53","date_gmt":"2017-03-08T10:30:53","guid":{"rendered":"http:\/\/baker.edge-themes.com\/?page_id=8737"},"modified":"2025-02-08T04:08:25","modified_gmt":"2025-02-08T04:08:25","slug":"contact-us","status":"publish","type":"page","link":"https:\/\/abcbakery.co\/?page_id=8737","title":{"rendered":"Li\u00ean h\u1ec7"},"content":{"rendered":"<div class=\"wpb-content-wrapper\"><p>[vc_row row_content_width=&#8221;grid&#8221; css=&#8221;.vc_custom_1490867016043{padding-top: 59px !important;padding-bottom: 63px !important;}&#8221;][vc_column]<div class=\"edgtf-elements-holder edgtf-two-columns edgtf-responsive-mode-1024\" ><div class=\"edgtf-eh-item \"  data-item-class=\"edgtf-eh-custom-118917\" data-1280-1600=\"35px 12% 70px 3%\" data-1024-1280=\"44px 12% 70px 3%\" data-768-1024=\"33px 12% 131px 3%\" data-480-600=\"45px 0% 140px 3%\" data-480=\"45px 0% 140px 3%\">\n\t<div class=\"edgtf-eh-item-inner\">\n\t\t<div class=\"edgtf-eh-item-content edgtf-eh-custom-118917\" style=\"padding: 45px 12% 70px 3%\">\n\t\t\t<div class=\"edgtf-section-title-holder\" >\n\t\t\t\t\t<h2 class=\"edgtf-st-title\" style=\"color: #303030;font-weight: 600\">\n\t\t\t<span>Li\u00ean h\u1ec7<\/span>\n\t\t<\/h2>\n\t\t\t\t<p class=\"edgtf-st-text\" style=\"color: #666666;font-size: 16.05px;line-height: 30.09px;font-weight: 300;margin-top: 26px\">ABC Bakery tin r\u1eb1ng vi\u1ec7c trao \u0111\u1ed5i tr\u1ef1c ti\u1ebfp s\u1ebd gi\u00fap ABC Bakery hi\u1ec3u h\u01a1n v\u1ec1 nhu c\u1ea7u v\u00e0 h\u1ed7 tr\u1ee3 t\u1ed1t nh\u1ea5t \u0111\u1ebfn Qu\u00fd Doanh Nghi\u1ec7p<\/p>\n\t<\/div>[vc_empty_space height=&#8221;16px&#8221;][vc_column_text css=&#8221;&#8221;]Vui l\u00f2ng g\u1eedi c\u00e1c th\u00f4ng tin \u0111\u1ec3 ABC Bakery ch\u1ee7 \u0111\u1ed9ng li\u00ean h\u1ec7 v\u1edbi Qu\u00fd<br \/>\nDoanh nghi\u1ec7p \u0111\u1ec3 h\u1ed7 tr\u1ee3 nhanh ch\u00f3ng v\u00e0 ch\u1ee7 \u0111\u1ed9ng h\u01a1n nh\u00e9.[\/vc_column_text][vc_empty_space height=&#8221;42px&#8221;]\t\t<\/div>\n\t<\/div>\n<\/div><div class=\"edgtf-eh-item \"  data-item-class=\"edgtf-eh-custom-400644\" data-768-1024=\"5px 3% 54px 0\" data-480-600=\"5px 3% 65px 0\" data-480=\"5px 3% 65px 0\">\n\t<div class=\"edgtf-eh-item-inner\">\n\t\t<div class=\"edgtf-eh-item-content edgtf-eh-custom-400644\" style=\"padding: 30px 3% 0 0\">\n\t\t\t\n<div class=\"wpcf7 no-js\" id=\"wpcf7-f8741-o1\" lang=\"en-US\" dir=\"ltr\" data-wpcf7-id=\"8741\">\n<div class=\"screen-reader-response\"><p role=\"status\" aria-live=\"polite\" aria-atomic=\"true\"><\/p> <ul><\/ul><\/div>\n<form action=\"\/index.php?rest_route=%2Fwp%2Fv2%2Fpages%2F8737#wpcf7-f8741-o1\" method=\"post\" class=\"wpcf7-form init\" aria-label=\"Contact form\" novalidate=\"novalidate\" data-status=\"init\">\n<fieldset class=\"hidden-fields-container\"><input type=\"hidden\" name=\"_wpcf7\" value=\"8741\" \/><input type=\"hidden\" name=\"_wpcf7_version\" value=\"6.1.2\" \/><input type=\"hidden\" name=\"_wpcf7_locale\" value=\"en_US\" \/><input type=\"hidden\" name=\"_wpcf7_unit_tag\" value=\"wpcf7-f8741-o1\" \/><input type=\"hidden\" name=\"_wpcf7_container_post\" value=\"0\" \/><input type=\"hidden\" name=\"_wpcf7_posted_data_hash\" value=\"\" \/>\n<\/fieldset>\n<div class=\"edgtf-grid-row edgtf-grid-tiny-gutter clearfix\">\n\t<div class=\"edgtf-grid-col-6\">\n\t\t<p><span class=\"wpcf7-form-control-wrap\" data-name=\"your-name\"><input size=\"40\" maxlength=\"400\" class=\"wpcf7-form-control wpcf7-text wpcf7-validates-as-required\" aria-required=\"true\" aria-invalid=\"false\" placeholder=\"H\u1ecd v\u00e0 t\u00ean\" value=\"\" type=\"text\" name=\"your-name\" \/><\/span>\n\t\t<\/p>\n\t<\/div>\n\t<div class=\"edgtf-grid-col-6\">\n\t\t<p><span class=\"wpcf7-form-control-wrap\" data-name=\"your-email\"><input size=\"40\" maxlength=\"400\" class=\"wpcf7-form-control wpcf7-email wpcf7-validates-as-required wpcf7-text wpcf7-validates-as-email\" aria-required=\"true\" aria-invalid=\"false\" placeholder=\"Email*\" value=\"\" type=\"email\" name=\"your-email\" \/><\/span>\n\t\t<\/p>\n\t<\/div>\n<\/div>\n<div class=\"edgtf-grid-row edgtf-grid-tiny-gutter clearfix\">\n\t<div class=\"edgtf-grid-col-6\">\n\t\t<p><span class=\"wpcf7-form-control-wrap\" data-name=\"your-phone\"><input size=\"40\" maxlength=\"400\" class=\"wpcf7-form-control wpcf7-tel wpcf7-validates-as-required wpcf7-text wpcf7-validates-as-tel\" aria-required=\"true\" aria-invalid=\"false\" placeholder=\"S\u1ed1 \u0111i\u1ec7n tho\u1ea1i*\" value=\"\" type=\"tel\" name=\"your-phone\" \/><\/span>\n\t\t<\/p>\n\t<\/div>\n\t<div class=\"edgtf-grid-col-6\">\n\t\t<p><span class=\"wpcf7-form-control-wrap\" data-name=\"your-subject\"><input size=\"40\" maxlength=\"400\" class=\"wpcf7-form-control wpcf7-text wpcf7-validates-as-required\" aria-required=\"true\" aria-invalid=\"false\" placeholder=\"\u0110\u1ecba ch\u1ec9*\" value=\"\" type=\"text\" name=\"your-subject\" \/><\/span>\n\t\t<\/p>\n\t<\/div>\n<\/div>\n<div class=\"edgtf-grid-row edgtf-grid-tiny-gutter clearfix\">\n\t<div class=\"edgtf-grid-col-12\">\n\t\t<p><span class=\"wpcf7-form-control-wrap\" data-name=\"your-message\"><textarea cols=\"40\" rows=\"8\" maxlength=\"2000\" class=\"wpcf7-form-control wpcf7-textarea wpcf7-validates-as-required\" aria-required=\"true\" aria-invalid=\"false\" placeholder=\"N\u1ed9i dung*\" name=\"your-message\"><\/textarea><\/span>\n\t\t<\/p>\n\t<\/div>\n<\/div>\n<div class=\"edgtf-grid-row edgtf-grid-tiny-gutter clearfix\" style=\"text-align: center;\">\n\t<p><input class=\"wpcf7-form-control wpcf7-submit has-spinner\" type=\"submit\" value=\"\u0110\u1eb7t h\u00e0ng\" \/>\n\t<\/p>\n<\/div><div class=\"wpcf7-response-output\" aria-hidden=\"true\"><\/div>\n<\/form>\n<\/div>\n\t\t<\/div>\n\t<\/div>\n<\/div><\/div>[\/vc_column][\/vc_row][vc_row row_content_width=&#8221;grid&#8221; css=&#8221;.vc_custom_1733814585793{padding-top: 59px !important;padding-bottom: 63px !important;padding-left: 25px !important;}&#8221;][vc_column]<div class=\"edgtf-section-title-holder\" >\n\t\t\t\t\t<h2 class=\"edgtf-st-title\" style=\"color: #303030;font-weight: 600\">\n\t\t\t<span>H\u1ec7 th\u1ed1ng c\u1eeda h\u00e0ng<\/span>\n\t\t<\/h2>\n\t\t<\/div>[\/vc_column][\/vc_row][vc_row row_content_width=&#8221;grid&#8221; css=&#8221;.vc_custom_1733799958895{padding-bottom: 63px !important;}&#8221;][vc_column][vc_column_text css=&#8221;&#8221;]<\/p>\n<div style=\"text-align: center; margin: 20px 0;\">\n<table style=\"width: 80%; margin: 0 auto; border-collapse: collapse; border: 1px solid #ccc; font-family: Arial, sans-serif; font-size: 14px;\">\n<thead>\n<tr style=\"background-color: #e1be64;\">\n<th style=\"padding: 10px; border: 1px solid #ccc;\">T\u00ean chi nh\u00e1nh<\/th>\n<th style=\"padding: 10px; border: 1px solid #ccc;\">\u0110\u1ecba ch\u1ec9<\/th>\n<\/tr>\n<\/thead>\n<tbody>\n<tr>\n<td style=\"padding: 8px; border: 1px solid #ccc;\">CN QU\u1eacN 2<\/td>\n<td style=\"padding: 8px; border: 1px solid #ccc;\">211-211A Nguy\u1ec5n Th\u1ecb \u0110\u1ecbnh, P. B\u00ecnh Tr\u01b0ng T\u00e2y,TP. Th\u1ee7 \u0110\u1ee9c, TP.HCM<\/td>\n<\/tr>\n<tr>\n<td style=\"padding: 8px; border: 1px solid #ccc;\">CN L\u00ca V\u0102N S\u1ef8<\/td>\n<td style=\"padding: 8px; border: 1px solid #ccc;\">282B L\u00ea V\u0103n S\u1ef9, Ph\u01b0\u1eddng 14, Qu\u1eadn 3, TP.HCM<\/td>\n<\/tr>\n<tr>\n<td style=\"padding: 8px; border: 1px solid #ccc;\">CN QU\u1eacN 4<\/td>\n<td style=\"padding: 8px; border: 1px solid #ccc;\">396 Ho\u00e0ng Di\u1ec7u, Ph\u01b0\u1eddng 2, Qu\u1eadn 4, TP.HCM<\/td>\n<\/tr>\n<tr>\n<td style=\"padding: 8px; border: 1px solid #ccc;\">CN NGUY\u1ec4N TR\u00c3I<\/td>\n<td style=\"padding: 8px; border: 1px solid #ccc;\">233 Nguy\u1ec5n Tr\u00e3i, Ph\u01b0\u1eddng 2, Qu\u1eadn 5, TP.HCM<\/td>\n<\/tr>\n<tr>\n<td style=\"padding: 8px; border: 1px solid #ccc;\">CN B\u00c0 HOM<\/td>\n<td style=\"padding: 8px; border: 1px solid #ccc;\">273 B\u00e0 Hom, Ph\u01b0\u1eddng 13, Qu\u1eadn 6, TP.HCM<\/td>\n<\/tr>\n<tr>\n<td style=\"padding: 8px; border: 1px solid #ccc;\">CN H\u1eacU GIANG<\/td>\n<td style=\"padding: 8px; border: 1px solid #ccc;\">606 H\u1eadu Giang, Ph\u01b0\u1eddng 12, Qu\u1eadn 6, TP.HCM<\/td>\n<\/tr>\n<tr>\n<td style=\"padding: 8px; border: 1px solid #ccc;\">CN B\u00ccNH TH\u00c1I<\/td>\n<td style=\"padding: 8px; border: 1px solid #ccc;\">161 \u0110\u1ed7 Xu\u00e2n H\u1ee3p, P. Ph\u01b0\u1edbc Long B, TP. Th\u1ee7 \u0110\u1ee9c, TP.HCM<\/td>\n<\/tr>\n<tr>\n<td style=\"padding: 8px; border: 1px solid #ccc;\">CN QU\u1eacN 9<\/td>\n<td style=\"padding: 8px; border: 1px solid #ccc;\">5 L\u00ea V\u0103n Vi\u1ec7t, P. Hi\u1ec7p Ph\u00fa, TP. Th\u1ee7 \u0110\u1ee9c, TP.HCM<\/td>\n<\/tr>\n<tr>\n<td style=\"padding: 8px; border: 1px solid #ccc;\">CN \u0110\u1ea6M SEN<\/td>\n<td style=\"padding: 8px; border: 1px solid #ccc;\">45K-45L \u00d4ng \u00cdch Khi\u00eam, Ph\u01b0\u1eddng 10, Qu\u1eadn 11, TP.HCM<\/td>\n<\/tr>\n<tr>\n<td style=\"padding: 8px; border: 1px solid #ccc;\">CN NH\u00c0 B\u00c8<\/td>\n<td style=\"padding: 8px; border: 1px solid #ccc;\">1730 Hu\u1ef3nh T\u1ea5n Ph\u00e1t, KP5, Th\u1ecb Tr\u1ea5n Nh\u00e0 B\u00e8, H. Nh\u00e0 B\u00e8, TP.HCM<\/td>\n<\/tr>\n<tr>\n<td style=\"padding: 8px; border: 1px solid #ccc;\">CN T\u00c2N B\u00ccNH<\/td>\n<td style=\"padding: 8px; border: 1px solid #ccc;\">1029 C\u00e1ch M\u1ea1ng Th\u00e1ng 8, Ph\u01b0\u1eddng 7, Q. T\u00e2n B\u00ecnh, TP.HCM<\/td>\n<\/tr>\n<tr>\n<td style=\"padding: 8px; border: 1px solid #ccc;\">CN QUANG TRUNG<\/td>\n<td style=\"padding: 8px; border: 1px solid #ccc;\">54 Quang Trung, Ph\u01b0\u1eddng 10, Q. G\u00f2 V\u1ea5p, TP.HCM<\/td>\n<\/tr>\n<tr>\n<td style=\"padding: 8px; border: 1px solid #ccc;\">CN KINH D\u01af\u01a0NG V\u01af\u01a0NG<\/td>\n<td style=\"padding: 8px; border: 1px solid #ccc;\">545 Kinh D\u01b0\u01a1ng V\u01b0\u01a1ng, P. An L\u1ea1c, Q. B\u00ecnh T\u00e2n, TP.HCM<\/td>\n<\/tr>\n<tr>\n<td style=\"padding: 8px; border: 1px solid #ccc;\">CN NGUY\u1ec4N \u1ea2NH TH\u1ee6<\/td>\n<td style=\"padding: 8px; border: 1px solid #ccc;\">155\/2 Nguy\u1ec5n \u1ea2nh Th\u1ee7, \u1ea4p Trung Ch\u00e1nh 2, X. Trung Ch\u00e1nh, H. H\u00f3c M\u00f4n, TP.HCM<\/td>\n<\/tr>\n<tr>\n<td style=\"padding: 8px; border: 1px solid #ccc;\">CN B\u00ccNH D\u01af\u01a0NG<\/td>\n<td style=\"padding: 8px; border: 1px solid #ccc;\">459 \u0110\u1ea1i L\u1ed9 B\u00ecnh D\u01b0\u01a1ng, P. Ph\u00fa C\u01b0\u1eddng, TP. Th\u1ee7 D\u1ea7u M\u1ed9t, T. B\u00ecnh D\u01b0\u01a1ng<\/td>\n<\/tr>\n<tr>\n<td style=\"padding: 8px; border: 1px solid #ccc;\">CN NHA TRANG 1<\/td>\n<td style=\"padding: 8px; border: 1px solid #ccc;\">78A L\u00fd Th\u00e1nh T\u00f4n, P. Ph\u01b0\u01a1ng S\u00e0i, TP. Nha Trang, T. Kh\u00e1nh H\u00f2a<\/td>\n<\/tr>\n<tr>\n<td style=\"padding: 8px; border: 1px solid #ccc;\">CN NHA TRANG 2<\/td>\n<td style=\"padding: 8px; border: 1px solid #ccc;\">14A L\u00ea Th\u00e1nh T\u00f4n, P. Ph\u01b0\u1edbc Ti\u1ebfn, TP. Nha Trang, T. Kh\u00e1nh H\u00f2a<\/td>\n<\/tr>\n<tr>\n<td style=\"padding: 8px; border: 1px solid #ccc;\">CN \u0110\u00c0 N\u1eb4NG<\/td>\n<td style=\"padding: 8px; border: 1px solid #ccc;\">S\u1ed1 109 \u0111\u01b0\u1eddng 30 th\u00e1ng 4, P. H\u00f2a C\u01b0\u1eddng B\u1eafc, Q. H\u1ea3i Ch\u00e2u, TP. \u0110\u00e0 N\u1eb5ng<\/td>\n<\/tr>\n<tr>\n<td style=\"padding: 8px; border: 1px solid #ccc;\">C\u1eecA H\u00c0NG H\u1edaN PHONG<\/td>\n<td style=\"padding: 8px; border: 1px solid #ccc;\">1175A \u0110\u01b0\u1eddng 3 th\u00e1ng 2, Ph\u01b0\u1eddng 6, Qu\u1eadn 11, TP.HCM<\/td>\n<\/tr>\n<\/tbody>\n<\/table>\n<p>&nbsp;<\/p>\n<\/div>\n<p>[\/vc_column_text][\/vc_column][\/vc_row]<\/p>\n<\/div>","protected":false},"excerpt":{"rendered":"<p>[vc_row row_content_width=&#8221;grid&#8221; css=&#8221;.vc_custom_1490867016043{padding-top: 59px !important;padding-bottom: 63px !important;}&#8221;][vc_column][\/vc_column][\/vc_row][vc_row row_content_width=&#8221;grid&#8221; css=&#8221;.vc_custom_1733814585793{padding-top: 59px !important;padding-bottom: 63px !important;padding-left: 25px !important;}&#8221;][vc_column][\/vc_column][\/vc_row][vc_row row_content_width=&#8221;grid&#8221; css=&#8221;.vc_custom_1733799958895{padding-bottom: 63px !important;}&#8221;][vc_column][vc_column_text css=&#8221;&#8221;] T\u00ean chi nh\u00e1nh \u0110\u1ecba ch\u1ec9 CN QU\u1eacN 2 211-211A Nguy\u1ec5n Th\u1ecb \u0110\u1ecbnh, P. B\u00ecnh Tr\u01b0ng T\u00e2y,TP. Th\u1ee7 \u0110\u1ee9c, TP.HCM CN [&hellip;]<\/p>\n","protected":false},"author":1,"featured_media":0,"parent":0,"menu_order":0,"comment_status":"closed","ping_status":"closed","template":"full-width.php","meta":{"footnotes":""},"class_list":["post-8737","page","type-page","status-publish","hentry"],"_links":{"self":[{"href":"https:\/\/abcbakery.co\/index.php?rest_route=\/wp\/v2\/pages\/8737","targetHints":{"allow":["GET"]}}],"collection":[{"href":"https:\/\/abcbakery.co\/index.php?rest_route=\/wp\/v2\/pages"}],"about":[{"href":"https:\/\/abcbakery.co\/index.php?rest_route=\/wp\/v2\/types\/page"}],"author":[{"embeddable":true,"href":"https:\/\/abcbakery.co\/index.php?rest_route=\/wp\/v2\/users\/1"}],"replies":[{"embeddable":true,"href":"https:\/\/abcbakery.co\/index.php?rest_route=%2Fwp%2Fv2%2Fcomments&post=8737"}],"version-history":[{"count":31,"href":"https:\/\/abcbakery.co\/index.php?rest_route=\/wp\/v2\/pages\/8737\/revisions"}],"predecessor-version":[{"id":12706,"href":"https:\/\/abcbakery.co\/index.php?rest_route=\/wp\/v2\/pages\/8737\/revisions\/12706"}],"wp:attachment":[{"href":"https:\/\/abcbakery.co\/index.php?rest_route=%2Fwp%2Fv2%2Fmedia&parent=8737"}],"curies":[{"name":"wp","href":"https:\/\/api.w.org\/{rel}","templated":true}]}}